ue of (-50 - -53) + (5 - (-3 - -6 - -1) - 10)?
-6
(-67 - -37) + -18 + 64
16
(161 - 18) + (3 - ((17 - 28) + 12 + -5))
150
Evaluate (4 + (12 - 5) + -16 - 5) + 84 + 24.
98
-2 + -1 - ((-81 - -26) + 42) - -40
50
Calculate (46 - 88) + (13 - -65).
36
5 + -15 + 2 + (-103 - -95)
-16
-102 - (14 - 83) - 31
-64
What is the value of (119 - (-59 + 268)) + (4 - 1 - -2)?
-85
67 + (-8 - (0 - 11 - (11 + -32))) + 13
62
Evaluate 14 + (-2 + 15 + 1 - (-2103 - -2088)).
43
Evaluate -8 + -2 + (31 + 36 - (-4 - 8)) + -3.
66
63 - 86 - (-5 - (-4 - (-7 - 1) - 3))
-17
Evaluate 13 + (-117 - (10 - (-13 + 44))) - (0 - 12).
-71
Evaluate -119 - -411 - 295 - (0 - -7).
-10
What is the value of (-95 - -165) + (-5 - (0 + -6)) + -15?
56
0 - 52 - (-49 - (80 + -120))
-43
What is 56 - (140 - (96 - 4))?
8
What is the value of (2 - 1) + 12 - (-11 - (-95 - -110))?
39
Evaluate 5 + 0 + (58 + 0 - (202 + -194) - -3).
58
Calculate -22 + ((-8 - -8) + 4 + -14 - -11).
-21
What is 51 + (-24 - (9 + -20)) - 24?
14
What is 35 - 1 - ((-100 - -109) + (-7 - 3))?
35
Evaluate (1 - 10) + 80 + -56 + 45.
60
54 + 0 - ((17 - (9 - (5 - 7))) + 5)
43
What is the value of -62 - (-7 - 0 - (-53 - -61))?
-47
What is the value of 64 - 82 - -58 - 42?
-2
Calculate (144 - (-103 - -210)) + -12.
25
What is the value of -1 + -1 + 7 - (3 - 1) - (-2124 + 2055)?
72
What is (4 + 7 - 28) + 46 - 89?
-60
Evaluate 3667 + -3667 + 0 + (1 - (1 - 2)).
2
Calculate 136 - ((49 - 17) + 1) - 20.
83
What is the value of -5 - (7 - 9) - ((4 - 40) + 4 + -2)?
31
What is the value of 59 + (2 - (32 - -16))?
13
Calculate (-4 - (15 + -2)) + (-2290 - -2268).
-39
Calculate -1 + 39 - (287 + -289).
40
Calculate -18 - (36 - (47 + -11) - -16).
-34
12 + -61 - -27 - (-15 - (-6 + 9))
-4
Evaluate 14 - 2 - (27 + 5 + -40) - -9.
29
What is the value of (-5 - -111) + -13 + -2 + 13 + -14?
90
Calculate (115 - 8 - 27) + -22.
58
Evaluate (0 + 24 - (-90 + 116)) + 0 + -12.
-14
Calculate 7 + -1 + -28 + (-28 - -8).
-42
What is the value of -1 + (-15 - (18 + (16 - 27) + -10)) + -74?
-87
Evaluate -35 + 20 + 9 - (-3 - 30).
27
Calculate -128 + 17 + 70 + 147.
106
-14 + -32 + 5 + -4 + (-11 - -19) + -4
-41
Evaluate -81 - 3 - (213 + -134 - 73).
-90
What is (-1 + 40 - (28 - 5)) + (-2 - -5)?
19
22 + (-9 - (16 - (19 - -37)))
53
What is the value of -107 + 102 + 47 + -19?
23
Evaluate 18 + -127 - ((19 - 0) + -17 + -9).
-102
Calculate (-95 - (-48 + -96)) + -16.
33
What is the value of (22 + -70 - -19) + 6 + -4?
-27
What is the value of (268 + -130 - -10) + -80?
68
Calculate 43 - 2 - (-29 + (5 + 30 - -3)).
32
Calculate (-57 - (20 + -12 + -35)) + 1 + 1.
-28
Evaluate (25 - (37 - 64)) + (0 - -3) + -7.
48
Evaluate 17 - (4 + -2) - (-22 + -7 - (20 + -1)).
63
(-19 - -44) + -2 + (-1 - -11)
33
Evaluate (108 - 49 - -86) + -278.
-133
What is the value of 23 + -13 + 16 + -27 - 22?
-23
Calculate 102 + -2 + -86 + 35 + 36 - (-3 - 0).
88
Evaluate -90 + (5 - (10 - 21 - 5)).
-69
-65 + (4 - 10) - (-2 + (-2 + 3 - -2))
-72
Calculate 24 - (-16 + -3 + 44).
-1
Evaluate 303 + -257 - ((-12 - 2) + (-30 - -25) + 8).
57
Evaluate 27 + (56 - 26 - 67) - -27.
17
11 - (36 + -41) - (75 - 3) - -15
-41
What is -17 + -87 + 98 + (12 - (2 - 4))?
8
Calculate (2 - -7) + -6 + (11 - (-6 - 13)) - -12.
45
What is 1 + 7 + (10 - (-17 + 16 - 20 - 62))?
101
Evaluate (-1 - 0 - 11) + 15 + -138 + 142.
7
Calculate -57 + (-149 - -88) + (41 - 1).
-78
2 + 3 - ((6 - (-19 + 20)) + -8) - -48
56
(-16 - -7) + 3 - 2 - (-8 - -13 - 29)
16
What is the value of -11 + (18 - (-11 + 51) - -2)?
-31
What is the value of (85 - 34) + -39 + 0 + -5 + 12 + 85?
104
What is 9 + 30 + (-118 - -39)?
-40
What is the value of (8 + 0 - -9) + -20 + 13?
10
What is the value of 52 + (62 + 0 - 118)?
-4
What is 16 + (-3 - (-21 - -6) - 97) - -7?
-62
Calculate 9 + (-88 + 2 + -18 - (3 + 6 + -4)).
-100
What is -1292 + 1225 - (-2 + -103)?
38
(-60 - 3) + (-2 - -2) + (10 - -23 - 26)
-56
Calculate -77 - (-15 - -15) - -45.
-32
What is the value of (13 - (-21 - -24)) + (0 - 1 - (-2 + -48))?
59
(7 + (3 - 11) - 8) + (-2 - 31)
-42
Calculate -23 + (-2 + 18 + -110 + 86 - -7).
-24
Calculate -22 + (-11 - (37 - -13)) + -1 + 6.
-78
What is the value of -48 - ((10 - (-12 + 10)) + -5 - (1 - -1))?
-53
What is (8 - (41 + -2 - ((-6 - -7) + 4))) + -12?
-38
238 + -195 - (6 + -1 + -29)
67
Calculate 15 + 39 + -43 - 27.
-16
Calculate 153 + -30 + -89 - 44.
-10
What is -25 - (34 - (-6 + 10 + 15))?
-40
Calculate -231 + 161 + 55 - (34 - 2).
-47
What is (-7 - (-33 + 35)) + -33 + 10?
-32
What is the value of -41 + 46 + 40 + 6 + -1?
50
What is the value of (49 + -74 - 15) + (103 - 37)?
26
What is the value of 6 + 1 + 7 + 10 + -33 + 28?
19
Evaluate 0 - ((-7 - (5 - (-7 + 8))) + 9 - 7).
9
Evaluate (1 + -1 - 6) + (-9 - -2) + (316 - 258).
45
What is -49 + -61 + 55 + 49?
-6
59 + (11 - 20) - 33
17
What is -2 + -16 - (2 - 4) - (39 - 67 - -31)?
-19
(82 - 91 - -10) + 17
18
What is the value of -2 - 16 - (-9 - (-29 + 5 - (-46 + 39)))?
-26
Calculate 7 + -11 + 4 - (23 - (-7 - 19)).
-49
-15 - (-7 - (-4 - (-7 - (-14 - -3))))
-16
Calculate -127 - -40 - (5 + -8 + -19).
-65
What is (-47 - 36 - 49) + 33?
-99
(-2 - -1 - 0) + -23 + -38 + 33 + 37
8
What is the value of (24 - 2) + (-216 - -202) - -20?
28
What is 5 - (80 - 43 - 10)?
-22
Calculate (13 - 11 - 18) + 26 + -5 + -117 + 5.
-107
(-4 - -1) + -4 + (21 - 21) + 4 + 12
9
What is the value of (3 - -4) + (-7 - (0 - (6 + 8 - 7)))?
7
12 + (1 - (-15 + -17)) - 16
29
Evaluate 14 + -100 + 2 + 29 + (-27 - -13).
-69
What is 28 + (-154 - -124) - (-49 - 0)?
47
What is the value of -6 + -2 - (359 + -337)?
-30
What is (-22 - (2 + -11)) + (-8 - (11 - 22)) - 22?
-32
What is the value of 46 + -54 - (15 + -38)?
15
What is the value of -34 - (122 - -24 - 83)?
-97
Evaluate (6074 - 5978) + -5 + -232.
-141
Evaluate -116 - (-17 - (21 - (-39 - -35))).
-74
What is the value of 11 - 84 - (15 - 18 - 4)?
-66
Evaluate -34 + 64 + (-8 - (-22 - 4) - 7).
41
Calculate -30 - ((19 - 86) + 48).
-11
What is the value of 36 + (-6 - (6 + -12) - -19)?
55
What is (-124 - (-1 + -1)) + 18454 + -18415?
-83
80 + 0 + (4 - 48)
36
Evaluate -76 - (5 + (-5 - 17) + 7).
-66
(6 - (-3 - 0) - 3) + (10 - (19 - 2))
-1
What is the value of 5 + -75 - (2053 + -2176)?
53
Calculate -3 + 5 - (24 - (16 + -22 - 11)).
-39
Evaluate (10 - 55) + 1 + 6 + 1.
-37
Evaluate 92 + 36 + (-81 - -37) + (-3 - (4 + -16)).
93
What is the value of -9 - -19 - (5 + -4) - (4 + (-7 - 70))?
82
(-27 - ((13 - 15) + -1)) + -4 + 1
-27
What is the value of 52 + (7 - 12) + -6 + -2?
39
Calculate -40 - (-11 + -20) - -34.
25
What is the value of 105 - 3 - (2670 - 2670)?
102
-3 - (75 + -2 + (8 - 20 - 1) + 19)
-82
Evaluate -5 - (1 - (16 + 18)).
28
What is the value of (-2 - (-43 - 1)) + -33 + (1 - (-3 - 27))?
40
Calculate -20 + -25 - ((-1 - 8) + -113 + 123).
-46
(-72 + 59 - 55) + -24
-92
Evaluate (1 - 121) + (-316 - -394).
-42
What is the value of -21 + 36 + -5 + -1 + (-2 - -8) + 1?
16
What is the value of (0 - -1) + -6 + (4 - -16) + -88 + 80?
7
Calculate 160 + (8 - 4) + (-992 - -951).
123
What is -1 - 9 - (13 - (-22 - -29) - -77) - -13?
-80
Calculate 2 + (-4 - (1 - 0)) + -4 + (-285 - -343).
51
Calculate 17 + 93 + -31 + -28 + -2.
49
What is 48 + -58 - (23 - (3 + -14))?
-44
What is the value of 59 + (-74 - -17) + -1 + (-2 - (9 + -3))?
-7
Calculate 32 - (101 + -29) - -30 - (0 + -68).
58
Evaluate 21 + -28 + 81 + -190.
-116
What is -53 + (-27 - -19) + 8 - (2 + 2)?
-57
What is the value of 42 + (2 - (2 + (-9 - -34)))?
17
8 + -6 + 7 + (4 - 42)
-29
Calculate (0 + -70 - 0) + -42 + -27 + 25 + 41.
-73
What is -6 - -36 - 6 - 2 - (20 + -15 + 7)?
10
Calculate (-107 - -68) + -30 + 20.
-49
What is the value of (-6 - (2 + (-5 - 11))) + (9 - (-118 + 10))?
125
Calculate -16 - (-18 + 59) - (11 + -25).
-43
Evaluate (-12 - 1 - (14 + -12)) + (-888 - -887).
-16
(55 - -1) + -1459 + 1350
-53
What is the value of (-1 - 24) + -5 + -28 + 17 + 29?
-12
(-24 - -28) + (-57 - -9) + -24
-68
What is the value of (9 - 35) + (44 - -13) + -39?
-8
What is 32 + 14 + 4 + 28 - -4?
82
Evaluate 78 - ((19 - 2) + -6 + 6 + -27).
88
Evaluate (-140 - (25 + (-30 - 27))) + (-4 - -19).
-93
What is (117 - 6) + -83 - (-3 - -23)?
8
What is -1 + -13 + (-1489 - -1526)?
23
136 + 38 + (-47 - 76)
51
Evaluate -1 - 11 - ((-16 - -29 - 1) + -5).
-19
2 + 6 - -4 - (290 + -303)
25
What is the value of 3 + 6 - (-226 + 290)?
-55
Evaluate -1